{"id":10976,"date":"2026-03-26T22:28:02","date_gmt":"2026-03-27T01:28:02","guid":{"rendered":"https:\/\/ies5tello-juj.infd.edu.ar\/sitio\/?page_id=10976"},"modified":"2026-03-26T22:28:04","modified_gmt":"2026-03-27T01:28:04","slug":"matriculacion-e-inscripcion-2026","status":"publish","type":"page","link":"https:\/\/ies5tello-juj.infd.edu.ar\/sitio\/matriculacion-e-inscripcion-2026\/","title":{"rendered":"Matriculaci\u00f3n e Inscripci\u00f3n 2026"},"content":{"rendered":"\n<div class=\"wp-block-file\"><object class=\"wp-block-file__embed\" data=\"https:\/\/ies5tello-juj.infd.edu.ar\/sitio\/wp-content\/uploads\/2026\/03\/Cartel_MateInscrip2026b.pdf\" type=\"application\/pdf\" style=\"width:100%;height:600px\" aria-label=\"Incrustado de Cartel_MateInscrip2026b.\"><\/object><a id=\"wp-block-file--media-6376dc01-3f53-40c7-b74c-72b508c30758\" href=\"https:\/\/ies5tello-juj.infd.edu.ar\/sitio\/wp-content\/uploads\/2026\/03\/Cartel_MateInscrip2026b.pdf\">Cartel_MateInscrip2026b<\/a><a href=\"https:\/\/ies5tello-juj.infd.edu.ar\/sitio\/wp-content\/uploads\/2026\/03\/Cartel_MateInscrip2026b.pdf\" class=\"wp-block-file__button wp-element-button\" download aria-describedby=\"wp-block-file--media-6376dc01-3f53-40c7-b74c-72b508c30758\">Descarga<\/a><\/div>\n\n\n\n<p><\/p>\n\n\n\n<p><strong>Formularios de Matriculaci\u00f3n e Inscripci\u00f3n a Unidades Curriculares 2026<\/strong><\/p>\n\n\n\n<p><em>Seleccione la carrera para ingresar al formulario que corresponda<\/em>:<\/p>\n\n\n\n<p><a href=\"https:\/\/forms.gle\/CSyDwokfGKEXTV2UA\" target=\"_blank\" rel=\"noreferrer noopener\">Profesorado de Educaci\u00f3n Secundaria en Biolog\u00eda<\/a><\/p>\n\n\n\n<p><a href=\"https:\/\/forms.gle\/gQK1gdF3oj1gx6nj6\" target=\"_blank\" rel=\"noreferrer noopener\">Profesorado de Educaci\u00f3n Secundaria en Ciencias de la Administraci\u00f3n<\/a><\/p>\n\n\n\n<p><a href=\"https:\/\/forms.gle\/oBdA9dcLim9UrHEi8\" target=\"_blank\" rel=\"noreferrer noopener\">Profesorado de Educaci\u00f3n Secundaria en Ciencia Pol\u00edtica<\/a><\/p>\n\n\n\n<p><a href=\"https:\/\/forms.gle\/PAQsC2UXtarWup2y9\" target=\"_blank\" rel=\"noreferrer noopener\">Profesorado de Educaci\u00f3n Tecnol\u00f3gica<\/a><\/p>\n\n\n\n<p><a href=\"https:\/\/forms.gle\/EbKDDXDUATqKqiaF6\" target=\"_blank\" rel=\"noreferrer noopener\">Profesorado de Educaci\u00f3n Secundaria en Filosof\u00eda<\/a><\/p>\n\n\n\n<p><a href=\"https:\/\/forms.gle\/89QqN1UXHTevV7Ng6\" target=\"_blank\" rel=\"noreferrer noopener\">Profesorado de Educaci\u00f3n Secundaria en F\u00edsica<\/a><\/p>\n\n\n\n<p><a href=\"https:\/\/forms.gle\/Pbfrtsv2woWi6gnn7\" target=\"_blank\" rel=\"noreferrer noopener\">Profesorado de Educaci\u00f3n Secundaria en Geograf\u00eda<\/a><\/p>\n\n\n\n<p><a href=\"https:\/\/forms.gle\/Gqvzi86qKZFq4yXV7\" target=\"_blank\" rel=\"noreferrer noopener\">Profesorado de Educaci\u00f3n Secundaria en Historia<\/a><\/p>\n\n\n\n<p><a href=\"https:\/\/forms.gle\/fkWhZvoQSVprbpda6\" target=\"_blank\" rel=\"noreferrer noopener\">Profesorado de Ingl\u00e9s<\/a><\/p>\n\n\n\n<p><a href=\"https:\/\/forms.gle\/h39sMxj7oQcadFF46\" target=\"_blank\" rel=\"noreferrer noopener\">Profesorado de Educaci\u00f3n Secundaria en Lengua y Literatura<\/a><\/p>\n\n\n\n<p><a href=\"https:\/\/forms.gle\/3ArQk29x4W6oQhZN7\" target=\"_blank\" rel=\"noreferrer noopener\">Profesorado de Educaci\u00f3n Secundaria en Matem\u00e1tica<\/a><\/p>\n\n\n\n<p><a href=\"https:\/\/forms.gle\/rfUjLfRELQrNiJeTA\" target=\"_blank\" rel=\"noreferrer noopener\">Profesorado de Educaci\u00f3n Secundaria en Psicolog\u00eda<\/a><\/p>\n\n\n\n<p><a href=\"https:\/\/forms.gle\/oMZB1gguT6WHbrf49\" target=\"_blank\" rel=\"noreferrer noopener\">Profesorado de Educaci\u00f3n Secundaria en Qu\u00edmica<\/a><\/p>\n\n\n\n<p><a href=\"https:\/\/forms.gle\/x7vvqcs4tSfyG76Z8\" target=\"_blank\" rel=\"noreferrer noopener\">Profesorado de Educaci\u00f3n Secundaria en Sociolog\u00eda<\/a><\/p>\n\n\n\n<p><a href=\"https:\/\/forms.gle\/dsChTaPBC7vwxnjR7\" target=\"_blank\" rel=\"noreferrer noopener\">Profesorado de Educaci\u00f3n Secundaria en Tecnolog\u00edas de la Informaci\u00f3n y la Comunicaci\u00f3n<\/a><\/p>\n\n\n\n<p><a href=\"https:\/\/forms.gle\/RDpfiPT725wCKkpAA\" target=\"_blank\" rel=\"noreferrer noopener\">Profesorado de Educaci\u00f3n Superior en Geograf\u00eda<\/a><\/p>\n\n\n\n<p><a href=\"https:\/\/forms.gle\/tjoiGfKNNFVnxxer6\" target=\"_blank\" rel=\"noreferrer noopener\">Profesorado de Educaci\u00f3n Superior en Matem\u00e1tica<\/a><\/p>\n\n\n\n<p><a href=\"https:\/\/forms.gle\/g8CqbnKPnVpGHwrFA\" target=\"_blank\" rel=\"noreferrer noopener\">Tecnicatura Superior en Gesti\u00f3n Ambiental<\/a><\/p>\n\n\n\n<p><a href=\"https:\/\/forms.gle\/JSjVfwa7heRD6WSM6\" target=\"_blank\" rel=\"noreferrer noopener\">Tecnicatura Superior en Soporte de Infraestructura de Tecnolog\u00eda de la Informaci\u00f3n<\/a><\/p>\n\n\n\n<p><a href=\"https:\/\/forms.gle\/j5itL2ig5LBB2Kaq5\" target=\"_blank\" rel=\"noreferrer noopener\">Tecnicatura Superior en Turismo<\/a><\/p>\n","protected":false},"excerpt":{"rendered":"<p>Formularios de Matriculaci\u00f3n e Inscripci\u00f3n a Unidades Curriculares 2026 Seleccione la carrera para ingresar al formulario que corresponda: Profesorado de Educaci\u00f3n Secundaria en Biolog\u00eda Profesorado de Educaci\u00f3n Secundaria en Ciencias de la Administraci\u00f3n Profesorado de Educaci\u00f3n Secundaria en Ciencia Pol\u00edtica Profesorado de Educaci\u00f3n Tecnol\u00f3gica Profesorado de Educaci\u00f3n Secundaria en Filosof\u00eda Profesorado de Educaci\u00f3n Secundaria en &#8230; <a title=\"Matriculaci\u00f3n e Inscripci\u00f3n 2026\" class=\"read-more\" href=\"https:\/\/ies5tello-juj.infd.edu.ar\/sitio\/matriculacion-e-inscripcion-2026\/\" aria-label=\"More on Matriculaci\u00f3n e Inscripci\u00f3n 2026\">[+]<\/a><\/p>\n","protected":false},"author":550,"featured_media":0,"parent":0,"menu_order":0,"comment_status":"closed","ping_status":"closed","template":"","meta":[],"acf":[],"_links":{"self":[{"href":"https:\/\/ies5tello-juj.infd.edu.ar\/sitio\/wp-json\/wp\/v2\/pages\/10976"}],"collection":[{"href":"https:\/\/ies5tello-juj.infd.edu.ar\/sitio\/wp-json\/wp\/v2\/pages"}],"about":[{"href":"https:\/\/ies5tello-juj.infd.edu.ar\/sitio\/wp-json\/wp\/v2\/types\/page"}],"author":[{"embeddable":true,"href":"https:\/\/ies5tello-juj.infd.edu.ar\/sitio\/wp-json\/wp\/v2\/users\/550"}],"replies":[{"embeddable":true,"href":"https:\/\/ies5tello-juj.infd.edu.ar\/sitio\/wp-json\/wp\/v2\/comments?post=10976"}],"version-history":[{"count":2,"href":"https:\/\/ies5tello-juj.infd.edu.ar\/sitio\/wp-json\/wp\/v2\/pages\/10976\/revisions"}],"predecessor-version":[{"id":10991,"href":"https:\/\/ies5tello-juj.infd.edu.ar\/sitio\/wp-json\/wp\/v2\/pages\/10976\/revisions\/10991"}],"wp:attachment":[{"href":"https:\/\/ies5tello-juj.infd.edu.ar\/sitio\/wp-json\/wp\/v2\/media?parent=10976"}],"curies":[{"name":"wp","href":"https:\/\/api.w.org\/{rel}","templated":true}]}}