{"id":11037,"date":"2026-04-08T21:32:23","date_gmt":"2026-04-09T00:32:23","guid":{"rendered":"https:\/\/ies5tello-juj.infd.edu.ar\/sitio\/?page_id=11037"},"modified":"2026-04-08T21:42:14","modified_gmt":"2026-04-09T00:42:14","slug":"examenes-abril-2026","status":"publish","type":"page","link":"https:\/\/ies5tello-juj.infd.edu.ar\/sitio\/examenes-abril-2026\/","title":{"rendered":"Ex\u00e1menes Abril\/2026"},"content":{"rendered":"\n<div class=\"wp-block-file\"><object class=\"wp-block-file__embed\" data=\"https:\/\/ies5tello-juj.infd.edu.ar\/sitio\/wp-content\/uploads\/2026\/04\/Cartel_ExamenExtAbr2026-2.pdf\" type=\"application\/pdf\" style=\"width:100%;height:600px\" aria-label=\"Incrustado de Cartel_ExamenExtAbr2026-2.\"><\/object><a id=\"wp-block-file--media-1fe45eb3-8bde-4146-a06d-dfe6958cd85e\" href=\"https:\/\/ies5tello-juj.infd.edu.ar\/sitio\/wp-content\/uploads\/2026\/04\/Cartel_ExamenExtAbr2026-2.pdf\">Cartel_ExamenExtAbr2026-2<\/a><a href=\"https:\/\/ies5tello-juj.infd.edu.ar\/sitio\/wp-content\/uploads\/2026\/04\/Cartel_ExamenExtAbr2026-2.pdf\" class=\"wp-block-file__button wp-element-button\" download aria-describedby=\"wp-block-file--media-1fe45eb3-8bde-4146-a06d-dfe6958cd85e\">Descarga<\/a><\/div>\n\n\n\n<p><\/p>\n\n\n\n<h2 class=\"wp-block-heading\"><strong>Formularios de Inscripci\u00f3n<\/strong><\/h2>\n\n\n\n<p><a href=\"https:\/\/forms.gle\/H9AHacisRKUeTW95A\" data-type=\"URL\" data-id=\"https:\/\/forms.gle\/H9AHacisRKUeTW95A\" target=\"_blank\" rel=\"noreferrer noopener\">Profesorado de Educaci\u00f3n Secundaria en Sociolog\u00eda<\/a><\/p>\n\n\n\n<p><a href=\"https:\/\/forms.gle\/Vx2o88GStWGPPy1q7\" data-type=\"URL\" data-id=\"https:\/\/forms.gle\/Vx2o88GStWGPPy1q7\" target=\"_blank\" rel=\"noreferrer noopener\">Tecnicatura Superior en Gesti\u00f3n Ambiental<\/a><\/p>\n\n\n\n<p> <a href=\"https:\/\/forms.gle\/8uyvgGCZNvT5nACh8\" data-type=\"URL\" data-id=\"https:\/\/forms.gle\/8uyvgGCZNvT5nACh8\" target=\"_blank\" rel=\"noreferrer noopener\">Tecnicatura Superior en Soporte<\/a><\/p>\n\n\n\n<p><a href=\"https:\/\/forms.gle\/d6XUUkQ6cnsybS6D6\" data-type=\"URL\" data-id=\"https:\/\/forms.gle\/d6XUUkQ6cnsybS6D6\" target=\"_blank\" rel=\"noreferrer noopener\">Tecnicatura Superior en Turismo  <\/a><\/p>\n\n\n\n<p><\/p>\n\n\n\n<p><\/p>\n","protected":false},"excerpt":{"rendered":"<p>Formularios de Inscripci\u00f3n Profesorado de Educaci\u00f3n Secundaria en Sociolog\u00eda Tecnicatura Superior en Gesti\u00f3n Ambiental Tecnicatura Superior en Soporte Tecnicatura Superior en Turismo<\/p>\n","protected":false},"author":550,"featured_media":0,"parent":0,"menu_order":0,"comment_status":"closed","ping_status":"closed","template":"","meta":[],"acf":[],"_links":{"self":[{"href":"https:\/\/ies5tello-juj.infd.edu.ar\/sitio\/wp-json\/wp\/v2\/pages\/11037"}],"collection":[{"href":"https:\/\/ies5tello-juj.infd.edu.ar\/sitio\/wp-json\/wp\/v2\/pages"}],"about":[{"href":"https:\/\/ies5tello-juj.infd.edu.ar\/sitio\/wp-json\/wp\/v2\/types\/page"}],"author":[{"embeddable":true,"href":"https:\/\/ies5tello-juj.infd.edu.ar\/sitio\/wp-json\/wp\/v2\/users\/550"}],"replies":[{"embeddable":true,"href":"https:\/\/ies5tello-juj.infd.edu.ar\/sitio\/wp-json\/wp\/v2\/comments?post=11037"}],"version-history":[{"count":5,"href":"https:\/\/ies5tello-juj.infd.edu.ar\/sitio\/wp-json\/wp\/v2\/pages\/11037\/revisions"}],"predecessor-version":[{"id":11048,"href":"https:\/\/ies5tello-juj.infd.edu.ar\/sitio\/wp-json\/wp\/v2\/pages\/11037\/revisions\/11048"}],"wp:attachment":[{"href":"https:\/\/ies5tello-juj.infd.edu.ar\/sitio\/wp-json\/wp\/v2\/media?parent=11037"}],"curies":[{"name":"wp","href":"https:\/\/api.w.org\/{rel}","templated":true}]}}