{"id":1868,"date":"2018-08-30T16:41:46","date_gmt":"2018-08-30T19:41:46","guid":{"rendered":"https:\/\/ies5tello-juj.infd.edu.ar\/sitio\/datos-institucionales\/"},"modified":"2022-09-05T19:23:32","modified_gmt":"2022-09-05T22:23:32","slug":"datos-institucionales","status":"publish","type":"page","link":"https:\/\/ies5tello-juj.infd.edu.ar\/sitio\/datos-institucionales\/","title":{"rendered":"Datos institucionales"},"content":{"rendered":"<p style=\"text-align: center;\"><strong><span style=\"font-family: verdana; font-size: 10pt; color: #000080;\">INSTITUTO DE EDUCACI\u00d3N SUPERIOR N\u00b0 5<br \/>\n<span style=\"font-family: 'Trebuchet MS', Calibri, sans-serif; color: #000000; font-weight: normal;\"><strong><span style=\"font-family: verdana; font-size: 10pt; color: #000080;\">\u00abJOSE EUGENIO TELLO\u00bb<\/span><\/strong><\/span><\/span><\/strong><\/p>\n<p style=\"text-align: justify;\"><span data-mce-mark=\"1\">El\u00a0<\/span><span data-mce-mark=\"1\">Instituto de Educaci\u00f3n Superior N\u00b0 5 \u00abJos\u00e9 E. Tello\u00bb, instituci\u00f3n decana en la Provincia de Jujuy, fue creado en el a\u00f1o 1959. Desde ese entonces, ofrece carreras de formaci\u00f3n docente para el nivel medio y tecnicaturas de nivel superior. Actualmente funciona en tres sedes principales, ubicadas en\u00a0la ciudad de\u00a0San Salvador de Jujuy.<\/span><\/p>\n<p style=\"text-align: justify;\">\n<p style=\"text-align: justify;\">Nuestra instituci\u00f3n brinda sus servicios educativos en tres sedes principales que referencian al edificio que comparte con instituciones de nivel medio de la provincia:<\/p>\n<p style=\"text-align: justify;\">\n<table border=\"0\" align=\"center\">\n<tbody>\n<tr class=\"Resaltado1\">\n<td style=\"text-align: center;\"><span style=\"font-family: 'arial black', 'avant garde'; font-size: 10pt; color: #ffffff;\">RECTORADO<\/span><\/td>\n<\/tr>\n<tr>\n<td><em><strong>RECTORADO<\/strong><\/em><\/p>\n<p><strong>SECRETARIA ADMINISTRATIVA<\/strong><\/p>\n<p><strong>SECRETARIA ACAD\u00c9MICA<\/strong><\/p>\n<p>Av. Jos\u00e9 Mar\u00eda Fascio N\u00ba 930<\/p>\n<p>Telef. 0388-4226002<\/p>\n<p>Atenci\u00f3n al P\u00fablico: 8:00 a 12:00 y 19:00 a 22:00 Hs.<\/td>\n<\/tr>\n<\/tbody>\n<\/table>\n<p style=\"text-align: justify;\">\n<table border=\"0\" align=\"center\">\n<thead>\n<tr style=\"background-color: #000099;\">\n<td align=\"center\"><strong><span style=\"color: #ffffff;\">SEDE ESCUELA NORMAL<\/span><\/strong><\/td>\n<\/tr>\n<\/thead>\n<tbody>\n<tr>\n<td>Edificio de Esc. Normal. San Mart\u00edn 750<br \/>\nAtenci\u00f3n al P\u00fablico: 18:30 a 23:30 Hs.<\/td>\n<\/tr>\n<tr style=\"background-color: #000099;\">\n<td style=\"text-align: center;\"><span style=\"color: #ffffff;\"><strong>SEDE COLEGIO NACIONAL 1<\/strong><\/span><\/td>\n<\/tr>\n<tr>\n<td>Telef. 0388-4225318<br \/>\nAtenci\u00f3n al P\u00fablico: 18:30 a 23:30 Hs.<\/td>\n<\/tr>\n<tr style=\"background-color: #000099;\">\n<td style=\"text-align: center;\"><span style=\"color: #ffffff;\"><strong>SEDE 23 de AGOSTO<\/strong><\/span><\/td>\n<\/tr>\n<tr>\n<td>Pasaje Charcas y L\u00f3pez &#8211; B\u00ba 23 de Agosto<br \/>\nTelef.: 0388-4224615<br \/>\nAtenci\u00f3n al p\u00fablico: 18:30 a 23:30 Hs.<\/td>\n<\/tr>\n<\/tbody>\n<\/table>\n<ul>\n<li><span style=\"font-family: verdana; font-size: 10pt;\">E-mail: ies5tello@gmail.com\u00a0<\/span><\/li>\n<\/ul>\n","protected":false},"excerpt":{"rendered":"<p>INSTITUTO DE EDUCACI\u00d3N SUPERIOR N\u00b0 5 \u00abJOSE EUGENIO TELLO\u00bb El\u00a0Instituto de Educaci\u00f3n Superior N\u00b0 5 \u00abJos\u00e9 E. Tello\u00bb, instituci\u00f3n decana en la Provincia de Jujuy, fue creado en el a\u00f1o 1959. Desde ese entonces, ofrece carreras de formaci\u00f3n docente para el nivel medio y tecnicaturas de nivel superior. Actualmente funciona en tres sedes principales, ubicadas &#8230; <a title=\"Datos institucionales\" class=\"read-more\" href=\"https:\/\/ies5tello-juj.infd.edu.ar\/sitio\/datos-institucionales\/\" aria-label=\"More on Datos institucionales\">[+]<\/a><\/p>\n","protected":false},"author":789,"featured_media":0,"parent":0,"menu_order":0,"comment_status":"closed","ping_status":"closed","template":"","meta":[],"acf":[],"_links":{"self":[{"href":"https:\/\/ies5tello-juj.infd.edu.ar\/sitio\/wp-json\/wp\/v2\/pages\/1868"}],"collection":[{"href":"https:\/\/ies5tello-juj.infd.edu.ar\/sitio\/wp-json\/wp\/v2\/pages"}],"about":[{"href":"https:\/\/ies5tello-juj.infd.edu.ar\/sitio\/wp-json\/wp\/v2\/types\/page"}],"author":[{"embeddable":true,"href":"https:\/\/ies5tello-juj.infd.edu.ar\/sitio\/wp-json\/wp\/v2\/users\/789"}],"replies":[{"embeddable":true,"href":"https:\/\/ies5tello-juj.infd.edu.ar\/sitio\/wp-json\/wp\/v2\/comments?post=1868"}],"version-history":[{"count":2,"href":"https:\/\/ies5tello-juj.infd.edu.ar\/sitio\/wp-json\/wp\/v2\/pages\/1868\/revisions"}],"predecessor-version":[{"id":7303,"href":"https:\/\/ies5tello-juj.infd.edu.ar\/sitio\/wp-json\/wp\/v2\/pages\/1868\/revisions\/7303"}],"wp:attachment":[{"href":"https:\/\/ies5tello-juj.infd.edu.ar\/sitio\/wp-json\/wp\/v2\/media?parent=1868"}],"curies":[{"name":"wp","href":"https:\/\/api.w.org\/{rel}","templated":true}]}}