{"id":3480,"date":"2020-06-18T20:37:03","date_gmt":"2020-06-18T23:37:03","guid":{"rendered":"https:\/\/ies5tello-juj.infd.edu.ar\/sitio\/?page_id=3480"},"modified":"2023-07-10T20:02:14","modified_gmt":"2023-07-10T23:02:14","slug":"disenos-curriculares-2015","status":"publish","type":"page","link":"https:\/\/ies5tello-juj.infd.edu.ar\/sitio\/disenos-curriculares-2015\/","title":{"rendered":"Dise\u00f1os Curriculares 2015"},"content":{"rendered":"<p><strong><span style=\"text-decoration: underline;\">PLAN DE ESTUDIO 2015<\/span><\/strong><\/p>\n<p><a title=\"Lengua y Literatura\" href=\"upload\/Lengua_y_Literatura.pdf\" target=\"_blank\" rel=\"noopener\">&#8211; Profesorado de Educaci\u00f3n Secundaria en Lengua y Literatura<\/a><\/p>\n<p><a title=\"Matem\u00e1tica\" href=\"upload\/Matematica.pdf\" target=\"_blank\" rel=\"noopener\">&#8211; Profesorado de Educaci\u00f3n Secundaria en Matem\u00e1tica<\/a><\/p>\n<p><a title=\"F\u00edsica\" href=\"upload\/Fisica.pdf\" target=\"_blank\" rel=\"noopener\">&#8211; Profesorado de Educaci\u00f3n Secundaria en F\u00edsica<\/a><\/p>\n<p><a title=\"Qu\u00edmica\" href=\"upload\/Quimica.pdf\" target=\"_blank\" rel=\"noopener\">&#8211; Profesorado de Educaci\u00f3n Secundaria en Qu\u00edmica<\/a><\/p>\n<p><a title=\"Biologia\" href=\"upload\/Biologia.pdf\" target=\"_blank\" rel=\"noopener\">&#8211; Profesorado de Educaci\u00f3n Secundaria en Biolog\u00eda<\/a><\/p>\n<p><a title=\"Ingl\u00e9s\" href=\"upload\/Ingles.pdf\" target=\"_blank\" rel=\"noopener\">&#8211; Profesorado de Ingl\u00e9s<\/a><\/p>\n<p><a title=\"Ciencias de la Administraci\u00f3n\" href=\"upload\/Ciencias_de_la_Administracion.pdf\" target=\"_blank\" rel=\"noopener\">&#8211; Profesorado de Educaci\u00f3n Secundaria en Ciencias de la Administraci\u00f3n<\/a><\/p>\n<p><a title=\"Ciencia Politica\" href=\"upload\/Ciencia_Politica.pdf\" target=\"_blank\" rel=\"noopener\">&#8211; Profesorado de Educaci\u00f3n Secundaria en Ciencia Pol\u00edtica<\/a><\/p>\n<p><a title=\"Historia\" href=\"upload\/Historia.pdf\" target=\"_blank\" rel=\"noopener\">&#8211; Profesorado de Educaci\u00f3n Secundaria en Historia<\/a><\/p>\n<p><a title=\"Geograf\u00eda\" href=\"upload\/Geografia.pdf\" target=\"_blank\" rel=\"noopener\">&#8211; Profesorado de Educaci\u00f3n Secundaria en Geograf\u00eda<\/a><\/p>\n<p><a title=\"Filosof\u00eda\" href=\"upload\/Filosofia.pdf\" target=\"_blank\" rel=\"noopener\">&#8211; Profesorado de Educaci\u00f3n Secundaria en Filosof\u00eda<\/a><\/p>\n<p><a title=\"Psicolog\u00eda\" href=\"upload\/Psicologia.pdf\" target=\"_blank\" rel=\"noopener\">&#8211; Profesorado de Educaci\u00f3n Secundaria en Psicolog\u00eda<\/a><\/p>\n<p><a title=\"Res 3712-15 Formacion Docente Inicial del Profesorado de Educacion Tecnologica\" href=\"upload\/Res_3712-15.pdf\" target=\"_blank\" rel=\"noopener\">&#8211; Profesorado de Educaci\u00f3n Tecnol\u00f3gica (vigente desde el a\u00f1o 2016)<\/a><\/p>\n","protected":false},"excerpt":{"rendered":"<p>PLAN DE ESTUDIO 2015 &#8211; Profesorado de Educaci\u00f3n Secundaria en Lengua y Literatura &#8211; Profesorado de Educaci\u00f3n Secundaria en Matem\u00e1tica &#8211; Profesorado de Educaci\u00f3n Secundaria en F\u00edsica &#8211; Profesorado de Educaci\u00f3n Secundaria en Qu\u00edmica &#8211; Profesorado de Educaci\u00f3n Secundaria en Biolog\u00eda &#8211; Profesorado de Ingl\u00e9s &#8211; Profesorado de Educaci\u00f3n Secundaria en Ciencias de la Administraci\u00f3n &#8230; <a title=\"Dise\u00f1os Curriculares 2015\" class=\"read-more\" href=\"https:\/\/ies5tello-juj.infd.edu.ar\/sitio\/disenos-curriculares-2015\/\" aria-label=\"More on Dise\u00f1os Curriculares 2015\">[+]<\/a><\/p>\n","protected":false},"author":113,"featured_media":0,"parent":0,"menu_order":0,"comment_status":"closed","ping_status":"closed","template":"","meta":[],"acf":[],"_links":{"self":[{"href":"https:\/\/ies5tello-juj.infd.edu.ar\/sitio\/wp-json\/wp\/v2\/pages\/3480"}],"collection":[{"href":"https:\/\/ies5tello-juj.infd.edu.ar\/sitio\/wp-json\/wp\/v2\/pages"}],"about":[{"href":"https:\/\/ies5tello-juj.infd.edu.ar\/sitio\/wp-json\/wp\/v2\/types\/page"}],"author":[{"embeddable":true,"href":"https:\/\/ies5tello-juj.infd.edu.ar\/sitio\/wp-json\/wp\/v2\/users\/113"}],"replies":[{"embeddable":true,"href":"https:\/\/ies5tello-juj.infd.edu.ar\/sitio\/wp-json\/wp\/v2\/comments?post=3480"}],"version-history":[{"count":2,"href":"https:\/\/ies5tello-juj.infd.edu.ar\/sitio\/wp-json\/wp\/v2\/pages\/3480\/revisions"}],"predecessor-version":[{"id":8533,"href":"https:\/\/ies5tello-juj.infd.edu.ar\/sitio\/wp-json\/wp\/v2\/pages\/3480\/revisions\/8533"}],"wp:attachment":[{"href":"https:\/\/ies5tello-juj.infd.edu.ar\/sitio\/wp-json\/wp\/v2\/media?parent=3480"}],"curies":[{"name":"wp","href":"https:\/\/api.w.org\/{rel}","templated":true}]}}