{"id":7421,"date":"2022-10-03T19:12:17","date_gmt":"2022-10-03T22:12:17","guid":{"rendered":"https:\/\/ies5tello-juj.infd.edu.ar\/sitio\/?page_id=7421"},"modified":"2022-10-31T11:08:21","modified_gmt":"2022-10-31T14:08:21","slug":"jornadas-academicas-i-e-s-5-jose-e-tello","status":"publish","type":"page","link":"https:\/\/ies5tello-juj.infd.edu.ar\/sitio\/jornadas-academicas-i-e-s-5-jose-e-tello\/","title":{"rendered":"JORNADAS ACAD\u00c9MICAS I.E.S. 5 \u201cJos\u00e9 E. Tello\u201d"},"content":{"rendered":"\n<h5 class=\"wp-block-heading\"><a href=\"https:\/\/ies5tello-juj.infd.edu.ar\/sitio\/wp-content\/uploads\/2022\/10\/PROGRAMA-GENERAL-JORNADAS-ACADEMICAS-2022-3.pdf\" target=\"_blank\" rel=\"noreferrer noopener\">PROGRAMA GENERAL JORNADAS ACAD\u00c9MICAS 2022 (Ver)<\/a><\/h5>\n\n\n\n<div class=\"wp-block-image\"><figure class=\"aligncenter size-large\"><img decoding=\"async\" loading=\"lazy\" width=\"718\" height=\"857\" src=\"https:\/\/ies5tello-juj.infd.edu.ar\/sitio\/wp-content\/uploads\/2022\/10\/Jornadas-Academicas-2022-Distribucion.jpeg\" alt=\"\" class=\"wp-image-7609\"\/><\/figure><\/div>\n\n\n\n<p><\/p>\n\n\n\n<h5 class=\"wp-block-heading\">&#8211; Se extiende la presentaci\u00f3n de ponencias hasta el 24\/10\/22, el env\u00edo se realiza a trav\u00e9s del siguiente formulario:<\/h5>\n\n\n\n<p class=\"has-text-align-center\"><a rel=\"noreferrer noopener\" href=\"https:\/\/docs.google.com\/forms\/d\/e\/1FAIpQLSc4ksMKRacf7Kxs1QHCTXwN3oIaVmQN-uty4OoCusaGx1wtVg\/viewform\" target=\"_blank\"><strong>Formulario de Presentaci\u00f3n de Ponencias<\/strong><\/a><\/p>\n\n\n\n<h5 class=\"wp-block-heading\">&#8211; Quienes no expongan trabajos en las Jornadas Acad\u00e9micas deber\u00e1n inscribirse como ASISTENTE en el siguiente formulario:<\/h5>\n\n\n\n<p class=\"has-text-align-center\"><a rel=\"noreferrer noopener\" href=\"https:\/\/docs.google.com\/forms\/d\/e\/1FAIpQLSc4ksMKRacf7Kxs1QHCTXwN3oIaVmQN-uty4OoCusaGx1wtVg\/viewform\" target=\"_blank\"><strong>Formulario Asistentes<\/strong><\/a><\/p>\n\n\n\n<h5 class=\"wp-block-heading\">Para confirmar la inscripci\u00f3n y realizar el pago del arancel (en la categor\u00eda de Expositores Docentes y Asistente) deber\u00e1n dirigirse a Sede Rectorado cito en Av. Fascio N\u00ba 930, en el horario de 19 a 21 horas, del 24 al 28 de Octubre.<\/h5>\n\n\n\n<h4 class=\"has-text-align-center wp-block-heading\"><a rel=\"noreferrer noopener\" href=\"https:\/\/docs.google.com\/forms\/d\/e\/1FAIpQLSc4ksMKRacf7Kxs1QHCTXwN3oIaVmQN-uty4OoCusaGx1wtVg\/viewform\" target=\"_blank\"><span class=\"has-inline-color has-vivid-red-color\">Formulario de Inscripci\u00f3n de las Jornadas Acad\u00e9micas<\/span><\/a><\/h4>\n\n\n\n<div class=\"wp-block-image\"><figure class=\"aligncenter size-large\"><img decoding=\"async\" loading=\"lazy\" width=\"702\" height=\"922\" src=\"https:\/\/ies5tello-juj.infd.edu.ar\/sitio\/wp-content\/uploads\/2022\/10\/Parte-de-Prensa-Jornadas-Academicas.jpg\" alt=\"\" class=\"wp-image-7569\"\/><\/figure><\/div>\n\n\n\n<div class=\"wp-block-file\"><a href=\"https:\/\/ies5tello-juj.infd.edu.ar\/sitio\/wp-content\/uploads\/2022\/10\/PRIMERA-CIRCULAR-JORNADAS-ACADEMICAS-2022-1-2.pdf\"><strong>PRIMERA-CIRCULAR-JORNADAS-ACADEMICAS-2022-1-2<\/strong><\/a><a href=\"https:\/\/ies5tello-juj.infd.edu.ar\/sitio\/wp-content\/uploads\/2022\/10\/PRIMERA-CIRCULAR-JORNADAS-ACADEMICAS-2022-1-2.pdf\" class=\"wp-block-file__button\" download>Descarga<\/a><\/div>\n\n\n\n<div class=\"wp-block-image\"><figure class=\"aligncenter size-large\"><img decoding=\"async\" loading=\"lazy\" width=\"1241\" height=\"1755\" src=\"https:\/\/ies5tello-juj.infd.edu.ar\/sitio\/wp-content\/uploads\/2022\/10\/PRIMERA-CIRCULAR-JORNADAS-ACADEMICAS-2022-1_page-0001.jpg\" alt=\"\" class=\"wp-image-7448\" srcset=\"https:\/\/ies5tello-juj.infd.edu.ar\/sitio\/wp-content\/uploads\/2022\/10\/PRIMERA-CIRCULAR-JORNADAS-ACADEMICAS-2022-1_page-0001.jpg 1241w, https:\/\/ies5tello-juj.infd.edu.ar\/sitio\/wp-content\/uploads\/2022\/10\/PRIMERA-CIRCULAR-JORNADAS-ACADEMICAS-2022-1_page-0001-707x1000.jpg 707w, https:\/\/ies5tello-juj.infd.edu.ar\/sitio\/wp-content\/uploads\/2022\/10\/PRIMERA-CIRCULAR-JORNADAS-ACADEMICAS-2022-1_page-0001-768x1086.jpg 768w, https:\/\/ies5tello-juj.infd.edu.ar\/sitio\/wp-content\/uploads\/2022\/10\/PRIMERA-CIRCULAR-JORNADAS-ACADEMICAS-2022-1_page-0001-1086x1536.jpg 1086w\" sizes=\"(max-width: 1241px) 100vw, 1241px\" \/><\/figure><\/div>\n\n\n\n<div class=\"wp-block-image\"><figure class=\"aligncenter size-large\"><img decoding=\"async\" loading=\"lazy\" width=\"1241\" height=\"1755\" src=\"https:\/\/ies5tello-juj.infd.edu.ar\/sitio\/wp-content\/uploads\/2022\/10\/PRIMERA-CIRCULAR-JORNADAS-ACADEMICAS-2022-1_page-0002.jpg\" alt=\"\" class=\"wp-image-7450\" srcset=\"https:\/\/ies5tello-juj.infd.edu.ar\/sitio\/wp-content\/uploads\/2022\/10\/PRIMERA-CIRCULAR-JORNADAS-ACADEMICAS-2022-1_page-0002.jpg 1241w, https:\/\/ies5tello-juj.infd.edu.ar\/sitio\/wp-content\/uploads\/2022\/10\/PRIMERA-CIRCULAR-JORNADAS-ACADEMICAS-2022-1_page-0002-707x1000.jpg 707w, https:\/\/ies5tello-juj.infd.edu.ar\/sitio\/wp-content\/uploads\/2022\/10\/PRIMERA-CIRCULAR-JORNADAS-ACADEMICAS-2022-1_page-0002-768x1086.jpg 768w, https:\/\/ies5tello-juj.infd.edu.ar\/sitio\/wp-content\/uploads\/2022\/10\/PRIMERA-CIRCULAR-JORNADAS-ACADEMICAS-2022-1_page-0002-1086x1536.jpg 1086w\" sizes=\"(max-width: 1241px) 100vw, 1241px\" \/><\/figure><\/div>\n\n\n\n<div class=\"wp-block-image\"><figure class=\"aligncenter size-large\"><img decoding=\"async\" loading=\"lazy\" width=\"1241\" height=\"1755\" src=\"https:\/\/ies5tello-juj.infd.edu.ar\/sitio\/wp-content\/uploads\/2022\/10\/PRIMERA-CIRCULAR-JORNADAS-ACADEMICAS-2022-1_page-0003.jpg\" alt=\"\" class=\"wp-image-7451\" srcset=\"https:\/\/ies5tello-juj.infd.edu.ar\/sitio\/wp-content\/uploads\/2022\/10\/PRIMERA-CIRCULAR-JORNADAS-ACADEMICAS-2022-1_page-0003.jpg 1241w, https:\/\/ies5tello-juj.infd.edu.ar\/sitio\/wp-content\/uploads\/2022\/10\/PRIMERA-CIRCULAR-JORNADAS-ACADEMICAS-2022-1_page-0003-707x1000.jpg 707w, https:\/\/ies5tello-juj.infd.edu.ar\/sitio\/wp-content\/uploads\/2022\/10\/PRIMERA-CIRCULAR-JORNADAS-ACADEMICAS-2022-1_page-0003-768x1086.jpg 768w, https:\/\/ies5tello-juj.infd.edu.ar\/sitio\/wp-content\/uploads\/2022\/10\/PRIMERA-CIRCULAR-JORNADAS-ACADEMICAS-2022-1_page-0003-1086x1536.jpg 1086w\" sizes=\"(max-width: 1241px) 100vw, 1241px\" \/><\/figure><\/div>\n\n\n\n<div class=\"wp-block-image\"><figure class=\"aligncenter size-large\"><img decoding=\"async\" loading=\"lazy\" width=\"1241\" height=\"1755\" src=\"https:\/\/ies5tello-juj.infd.edu.ar\/sitio\/wp-content\/uploads\/2022\/10\/PRIMERA-CIRCULAR-JORNADAS-ACADEMICAS-2022-1_page-0004.jpg\" alt=\"\" class=\"wp-image-7452\" srcset=\"https:\/\/ies5tello-juj.infd.edu.ar\/sitio\/wp-content\/uploads\/2022\/10\/PRIMERA-CIRCULAR-JORNADAS-ACADEMICAS-2022-1_page-0004.jpg 1241w, https:\/\/ies5tello-juj.infd.edu.ar\/sitio\/wp-content\/uploads\/2022\/10\/PRIMERA-CIRCULAR-JORNADAS-ACADEMICAS-2022-1_page-0004-707x1000.jpg 707w, https:\/\/ies5tello-juj.infd.edu.ar\/sitio\/wp-content\/uploads\/2022\/10\/PRIMERA-CIRCULAR-JORNADAS-ACADEMICAS-2022-1_page-0004-768x1086.jpg 768w, https:\/\/ies5tello-juj.infd.edu.ar\/sitio\/wp-content\/uploads\/2022\/10\/PRIMERA-CIRCULAR-JORNADAS-ACADEMICAS-2022-1_page-0004-1086x1536.jpg 1086w\" sizes=\"(max-width: 1241px) 100vw, 1241px\" \/><\/figure><\/div>\n\n\n\n<div class=\"wp-block-image\"><figure class=\"aligncenter size-large\"><img decoding=\"async\" loading=\"lazy\" width=\"1241\" height=\"1755\" src=\"https:\/\/ies5tello-juj.infd.edu.ar\/sitio\/wp-content\/uploads\/2022\/10\/PRIMERA-CIRCULAR-JORNADAS-ACADEMICAS-2022-1_page-0005.jpg\" alt=\"\" class=\"wp-image-7453\" srcset=\"https:\/\/ies5tello-juj.infd.edu.ar\/sitio\/wp-content\/uploads\/2022\/10\/PRIMERA-CIRCULAR-JORNADAS-ACADEMICAS-2022-1_page-0005.jpg 1241w, https:\/\/ies5tello-juj.infd.edu.ar\/sitio\/wp-content\/uploads\/2022\/10\/PRIMERA-CIRCULAR-JORNADAS-ACADEMICAS-2022-1_page-0005-707x1000.jpg 707w, https:\/\/ies5tello-juj.infd.edu.ar\/sitio\/wp-content\/uploads\/2022\/10\/PRIMERA-CIRCULAR-JORNADAS-ACADEMICAS-2022-1_page-0005-768x1086.jpg 768w, https:\/\/ies5tello-juj.infd.edu.ar\/sitio\/wp-content\/uploads\/2022\/10\/PRIMERA-CIRCULAR-JORNADAS-ACADEMICAS-2022-1_page-0005-1086x1536.jpg 1086w\" sizes=\"(max-width: 1241px) 100vw, 1241px\" \/><\/figure><\/div>\n\n\n\n<p><\/p>\n","protected":false},"excerpt":{"rendered":"<p>PROGRAMA GENERAL JORNADAS ACAD\u00c9MICAS 2022 (Ver) &#8211; Se extiende la presentaci\u00f3n de ponencias hasta el 24\/10\/22, el env\u00edo se realiza a trav\u00e9s del siguiente formulario: Formulario de Presentaci\u00f3n de Ponencias &#8211; Quienes no expongan trabajos en las Jornadas Acad\u00e9micas deber\u00e1n inscribirse como ASISTENTE en el siguiente formulario: Formulario Asistentes Para confirmar la inscripci\u00f3n y realizar &#8230; <a title=\"JORNADAS ACAD\u00c9MICAS I.E.S. 5 \u201cJos\u00e9 E. Tello\u201d\" class=\"read-more\" href=\"https:\/\/ies5tello-juj.infd.edu.ar\/sitio\/jornadas-academicas-i-e-s-5-jose-e-tello\/\" aria-label=\"More on JORNADAS ACAD\u00c9MICAS I.E.S. 5 \u201cJos\u00e9 E. Tello\u201d\">[+]<\/a><\/p>\n","protected":false},"author":113,"featured_media":0,"parent":0,"menu_order":0,"comment_status":"closed","ping_status":"closed","template":"","meta":[],"acf":[],"_links":{"self":[{"href":"https:\/\/ies5tello-juj.infd.edu.ar\/sitio\/wp-json\/wp\/v2\/pages\/7421"}],"collection":[{"href":"https:\/\/ies5tello-juj.infd.edu.ar\/sitio\/wp-json\/wp\/v2\/pages"}],"about":[{"href":"https:\/\/ies5tello-juj.infd.edu.ar\/sitio\/wp-json\/wp\/v2\/types\/page"}],"author":[{"embeddable":true,"href":"https:\/\/ies5tello-juj.infd.edu.ar\/sitio\/wp-json\/wp\/v2\/users\/113"}],"replies":[{"embeddable":true,"href":"https:\/\/ies5tello-juj.infd.edu.ar\/sitio\/wp-json\/wp\/v2\/comments?post=7421"}],"version-history":[{"count":12,"href":"https:\/\/ies5tello-juj.infd.edu.ar\/sitio\/wp-json\/wp\/v2\/pages\/7421\/revisions"}],"predecessor-version":[{"id":7618,"href":"https:\/\/ies5tello-juj.infd.edu.ar\/sitio\/wp-json\/wp\/v2\/pages\/7421\/revisions\/7618"}],"wp:attachment":[{"href":"https:\/\/ies5tello-juj.infd.edu.ar\/sitio\/wp-json\/wp\/v2\/media?parent=7421"}],"curies":[{"name":"wp","href":"https:\/\/api.w.org\/{rel}","templated":true}]}}