{"id":9212,"date":"2024-04-22T21:24:31","date_gmt":"2024-04-23T00:24:31","guid":{"rendered":"https:\/\/ies5tello-juj.infd.edu.ar\/sitio\/?page_id=9212"},"modified":"2024-05-31T21:15:23","modified_gmt":"2024-06-01T00:15:23","slug":"eleccion-de-consejeros","status":"publish","type":"page","link":"https:\/\/ies5tello-juj.infd.edu.ar\/sitio\/eleccion-de-consejeros\/","title":{"rendered":"Elecci\u00f3n de Consejeros"},"content":{"rendered":"\n<div class=\"wp-block-file\"><object class=\"wp-block-file__embed\" data=\"https:\/\/ies5tello-juj.infd.edu.ar\/sitio\/wp-content\/uploads\/2024\/05\/20240601071023193-1.pdf\" type=\"application\/pdf\" style=\"width:100%;height:600px\" aria-label=\"Incrustado de 20240601071023193-1.\"><\/object><a id=\"wp-block-file--media-5466fb75-8f4c-45f9-abd9-487280fda9b2\" href=\"https:\/\/ies5tello-juj.infd.edu.ar\/sitio\/wp-content\/uploads\/2024\/05\/20240601071023193-1.pdf\">20240601071023193-1<\/a><a href=\"https:\/\/ies5tello-juj.infd.edu.ar\/sitio\/wp-content\/uploads\/2024\/05\/20240601071023193-1.pdf\" class=\"wp-block-file__button wp-element-button\" download aria-describedby=\"wp-block-file--media-5466fb75-8f4c-45f9-abd9-487280fda9b2\">Descarga<\/a><\/div>\n\n\n\n<hr class=\"wp-block-separator has-alpha-channel-opacity\"\/>\n\n\n\n<h3 class=\"wp-block-heading has-text-align-center\">Resoluci\u00f3n N\u00ba 3-JE\/2024 &#8211; Publicaci\u00f3n de Padrones Electorales<\/h3>\n\n\n\n<div class=\"wp-block-file\"><object class=\"wp-block-file__embed\" data=\"https:\/\/ies5tello-juj.infd.edu.ar\/sitio\/wp-content\/uploads\/2024\/05\/20240530061635902.pdf\" type=\"application\/pdf\" style=\"width:100%;height:600px\" aria-label=\"Incrustado de 20240530061635902.\"><\/object><a id=\"wp-block-file--media-6754e632-16d9-4e82-b11a-292cf4b34219\" href=\"https:\/\/ies5tello-juj.infd.edu.ar\/sitio\/wp-content\/uploads\/2024\/05\/20240530061635902.pdf\">20240530061635902<\/a><a href=\"https:\/\/ies5tello-juj.infd.edu.ar\/sitio\/wp-content\/uploads\/2024\/05\/20240530061635902.pdf\" class=\"wp-block-file__button wp-element-button\" download aria-describedby=\"wp-block-file--media-6754e632-16d9-4e82-b11a-292cf4b34219\">Descarga<\/a><\/div>\n\n\n\n<h2 class=\"wp-block-heading has-text-align-center\">Padr\u00f3n Definitivo<\/h2>\n\n\n\n<div class=\"wp-block-file\"><object class=\"wp-block-file__embed\" data=\"https:\/\/ies5tello-juj.infd.edu.ar\/sitio\/wp-content\/uploads\/2024\/05\/PADRON-DEFINITIVO-NO-DOCENTES-2024.pdf\" type=\"application\/pdf\" style=\"width:100%;height:600px\" aria-label=\"Incrustado de PADRON-DEFINITIVO-NO-DOCENTES-2024.\"><\/object><a id=\"wp-block-file--media-ef9ebe93-9f4b-4299-8573-e05e6d0197c4\" href=\"https:\/\/ies5tello-juj.infd.edu.ar\/sitio\/wp-content\/uploads\/2024\/05\/PADRON-DEFINITIVO-NO-DOCENTES-2024.pdf\">PADRON-DEFINITIVO-NO-DOCENTES-2024<\/a><a href=\"https:\/\/ies5tello-juj.infd.edu.ar\/sitio\/wp-content\/uploads\/2024\/05\/PADRON-DEFINITIVO-NO-DOCENTES-2024.pdf\" class=\"wp-block-file__button wp-element-button\" download aria-describedby=\"wp-block-file--media-ef9ebe93-9f4b-4299-8573-e05e6d0197c4\">Descarga<\/a><\/div>\n\n\n\n<div class=\"wp-block-file\"><object class=\"wp-block-file__embed\" data=\"https:\/\/ies5tello-juj.infd.edu.ar\/sitio\/wp-content\/uploads\/2024\/05\/PADRON-DEFINITIVO-ALUMNOS-2024.pdf\" type=\"application\/pdf\" style=\"width:100%;height:600px\" aria-label=\"Incrustado de PADRON-DEFINITIVO-ALUMNOS-2024.\"><\/object><a id=\"wp-block-file--media-336fe40d-77ba-4624-961c-c85b41424ead\" href=\"https:\/\/ies5tello-juj.infd.edu.ar\/sitio\/wp-content\/uploads\/2024\/05\/PADRON-DEFINITIVO-ALUMNOS-2024.pdf\">PADRON-DEFINITIVO-ALUMNOS-2024<\/a><a href=\"https:\/\/ies5tello-juj.infd.edu.ar\/sitio\/wp-content\/uploads\/2024\/05\/PADRON-DEFINITIVO-ALUMNOS-2024.pdf\" class=\"wp-block-file__button wp-element-button\" download aria-describedby=\"wp-block-file--media-336fe40d-77ba-4624-961c-c85b41424ead\">Descarga<\/a><\/div>\n\n\n\n<div class=\"wp-block-file\"><object class=\"wp-block-file__embed\" data=\"https:\/\/ies5tello-juj.infd.edu.ar\/sitio\/wp-content\/uploads\/2024\/05\/PADRON-DEFINITIVO-DOCENTES-2024.pdf\" type=\"application\/pdf\" style=\"width:100%;height:600px\" aria-label=\"Incrustado de PADRON-DEFINITIVO-DOCENTES-2024.\"><\/object><a id=\"wp-block-file--media-c27c08a9-7620-49a2-ab50-a0586476cc1c\" href=\"https:\/\/ies5tello-juj.infd.edu.ar\/sitio\/wp-content\/uploads\/2024\/05\/PADRON-DEFINITIVO-DOCENTES-2024.pdf\">PADRON-DEFINITIVO-DOCENTES-2024<\/a><a href=\"https:\/\/ies5tello-juj.infd.edu.ar\/sitio\/wp-content\/uploads\/2024\/05\/PADRON-DEFINITIVO-DOCENTES-2024.pdf\" class=\"wp-block-file__button wp-element-button\" download aria-describedby=\"wp-block-file--media-c27c08a9-7620-49a2-ab50-a0586476cc1c\">Descarga<\/a><\/div>\n\n\n\n<div class=\"wp-block-file\"><object class=\"wp-block-file__embed\" data=\"https:\/\/ies5tello-juj.infd.edu.ar\/sitio\/wp-content\/uploads\/2024\/05\/PADRON-DEFINITIVO-EGRESADOS-2024.pdf\" type=\"application\/pdf\" style=\"width:100%;height:600px\" aria-label=\"Incrustado de PADRON-DEFINITIVO-EGRESADOS-2024.\"><\/object><a id=\"wp-block-file--media-f491c6ec-1d40-4b93-9a22-f3c8dc2844eb\" href=\"https:\/\/ies5tello-juj.infd.edu.ar\/sitio\/wp-content\/uploads\/2024\/05\/PADRON-DEFINITIVO-EGRESADOS-2024.pdf\">PADRON-DEFINITIVO-EGRESADOS-2024<\/a><a href=\"https:\/\/ies5tello-juj.infd.edu.ar\/sitio\/wp-content\/uploads\/2024\/05\/PADRON-DEFINITIVO-EGRESADOS-2024.pdf\" class=\"wp-block-file__button wp-element-button\" download aria-describedby=\"wp-block-file--media-f491c6ec-1d40-4b93-9a22-f3c8dc2844eb\">Descarga<\/a><\/div>\n\n\n\n<h3 class=\"wp-block-heading has-text-align-center\">Oficializaci\u00f3n de listas<\/h3>\n\n\n\n<div class=\"wp-block-file\"><object class=\"wp-block-file__embed\" data=\"https:\/\/ies5tello-juj.infd.edu.ar\/sitio\/wp-content\/uploads\/2024\/05\/20240521065838659.pdf\" type=\"application\/pdf\" style=\"width:100%;height:600px\" aria-label=\"Incrustado de 20240521065838659.\"><\/object><a id=\"wp-block-file--media-991aa687-d1bd-459a-abfe-365a817f55bd\" href=\"https:\/\/ies5tello-juj.infd.edu.ar\/sitio\/wp-content\/uploads\/2024\/05\/20240521065838659.pdf\">20240521065838659<\/a><a href=\"https:\/\/ies5tello-juj.infd.edu.ar\/sitio\/wp-content\/uploads\/2024\/05\/20240521065838659.pdf\" class=\"wp-block-file__button wp-element-button\" download aria-describedby=\"wp-block-file--media-991aa687-d1bd-459a-abfe-365a817f55bd\">Descarga<\/a><\/div>\n\n\n\n<div class=\"wp-block-file\"><object class=\"wp-block-file__embed\" data=\"https:\/\/ies5tello-juj.infd.edu.ar\/sitio\/wp-content\/uploads\/2024\/05\/ACE-Scanner_2024_05_09-4.pdf\" type=\"application\/pdf\" style=\"width:100%;height:600px\" aria-label=\"Incrustado de ACE-Scanner_2024_05_09-4.\"><\/object><a id=\"wp-block-file--media-5c60fc66-ec1c-4100-9f55-3df79916ae2e\" href=\"https:\/\/ies5tello-juj.infd.edu.ar\/sitio\/wp-content\/uploads\/2024\/05\/ACE-Scanner_2024_05_09-4.pdf\">ACE-Scanner_2024_05_09-4<\/a><a href=\"https:\/\/ies5tello-juj.infd.edu.ar\/sitio\/wp-content\/uploads\/2024\/05\/ACE-Scanner_2024_05_09-4.pdf\" class=\"wp-block-file__button wp-element-button\" download aria-describedby=\"wp-block-file--media-5c60fc66-ec1c-4100-9f55-3df79916ae2e\">Descarga<\/a><\/div>\n\n\n\n<div class=\"wp-block-file\"><object class=\"wp-block-file__embed\" data=\"https:\/\/ies5tello-juj.infd.edu.ar\/sitio\/wp-content\/uploads\/2024\/05\/20240510091204966_0001.pdf\" type=\"application\/pdf\" style=\"width:100%;height:600px\" aria-label=\"Incrustado de 20240510091204966_0001.\"><\/object><a id=\"wp-block-file--media-9493ad9a-b8e9-4958-b335-d09e06b1f353\" href=\"https:\/\/ies5tello-juj.infd.edu.ar\/sitio\/wp-content\/uploads\/2024\/05\/20240510091204966_0001.pdf\">20240510091204966_0001<\/a><a href=\"https:\/\/ies5tello-juj.infd.edu.ar\/sitio\/wp-content\/uploads\/2024\/05\/20240510091204966_0001.pdf\" class=\"wp-block-file__button wp-element-button\" download aria-describedby=\"wp-block-file--media-9493ad9a-b8e9-4958-b335-d09e06b1f353\">Descarga<\/a><\/div>\n\n\n\n<div class=\"wp-block-file\"><object class=\"wp-block-file__embed\" data=\"https:\/\/ies5tello-juj.infd.edu.ar\/sitio\/wp-content\/uploads\/2024\/05\/PADRON-DE-EGRESADOS-2024-1.pdf\" type=\"application\/pdf\" style=\"width:100%;height:600px\" aria-label=\"Incrustado de PADRON-DE-EGRESADOS-2024-1.\"><\/object><a id=\"wp-block-file--media-1bd43317-be62-4e6b-8322-b98ed1342045\" href=\"https:\/\/ies5tello-juj.infd.edu.ar\/sitio\/wp-content\/uploads\/2024\/05\/PADRON-DE-EGRESADOS-2024-1.pdf\">PADRON-DE-EGRESADOS-2024-1<\/a><a href=\"https:\/\/ies5tello-juj.infd.edu.ar\/sitio\/wp-content\/uploads\/2024\/05\/PADRON-DE-EGRESADOS-2024-1.pdf\" class=\"wp-block-file__button wp-element-button\" download aria-describedby=\"wp-block-file--media-1bd43317-be62-4e6b-8322-b98ed1342045\">Descarga<\/a><\/div>\n\n\n\n<div class=\"wp-block-file\"><object class=\"wp-block-file__embed\" data=\"https:\/\/ies5tello-juj.infd.edu.ar\/sitio\/wp-content\/uploads\/2024\/05\/PADRON-PROVISORIO-NO-DOCENTES-2024.pdf\" type=\"application\/pdf\" style=\"width:100%;height:600px\" aria-label=\"Incrustado de PADRON-PROVISORIO-NO-DOCENTES-2024.\"><\/object><a id=\"wp-block-file--media-4b0c13f8-a787-45e7-8460-0e3e7033e227\" href=\"https:\/\/ies5tello-juj.infd.edu.ar\/sitio\/wp-content\/uploads\/2024\/05\/PADRON-PROVISORIO-NO-DOCENTES-2024.pdf\">PADRON-PROVISORIO-NO-DOCENTES-2024<\/a><a href=\"https:\/\/ies5tello-juj.infd.edu.ar\/sitio\/wp-content\/uploads\/2024\/05\/PADRON-PROVISORIO-NO-DOCENTES-2024.pdf\" class=\"wp-block-file__button wp-element-button\" download aria-describedby=\"wp-block-file--media-4b0c13f8-a787-45e7-8460-0e3e7033e227\">Descarga<\/a><\/div>\n\n\n\n<div class=\"wp-block-file\"><object class=\"wp-block-file__embed\" data=\"https:\/\/ies5tello-juj.infd.edu.ar\/sitio\/wp-content\/uploads\/2024\/05\/PADRON-PROVISORIO-DOCENTES-2024.pdf\" type=\"application\/pdf\" style=\"width:100%;height:600px\" aria-label=\"Incrustado de PADRON-PROVISORIO-DOCENTES-2024.\"><\/object><a id=\"wp-block-file--media-e4f0ecab-5836-4e52-8415-b16e5c9da470\" href=\"https:\/\/ies5tello-juj.infd.edu.ar\/sitio\/wp-content\/uploads\/2024\/05\/PADRON-PROVISORIO-DOCENTES-2024.pdf\">PADRON-PROVISORIO-DOCENTES-2024<\/a><a href=\"https:\/\/ies5tello-juj.infd.edu.ar\/sitio\/wp-content\/uploads\/2024\/05\/PADRON-PROVISORIO-DOCENTES-2024.pdf\" class=\"wp-block-file__button wp-element-button\" download aria-describedby=\"wp-block-file--media-e4f0ecab-5836-4e52-8415-b16e5c9da470\">Descarga<\/a><\/div>\n\n\n\n<div class=\"wp-block-file\"><object class=\"wp-block-file__embed\" data=\"https:\/\/ies5tello-juj.infd.edu.ar\/sitio\/wp-content\/uploads\/2024\/05\/ACE-Scanner_2024_05_09.pdf\" type=\"application\/pdf\" style=\"width:100%;height:600px\" aria-label=\"Incrustado de ACE-Scanner_2024_05_09.\"><\/object><a id=\"wp-block-file--media-755c6ff1-e2d7-490b-b68e-3b9eaa61f735\" href=\"https:\/\/ies5tello-juj.infd.edu.ar\/sitio\/wp-content\/uploads\/2024\/05\/ACE-Scanner_2024_05_09.pdf\">ACE-Scanner_2024_05_09<\/a><a href=\"https:\/\/ies5tello-juj.infd.edu.ar\/sitio\/wp-content\/uploads\/2024\/05\/ACE-Scanner_2024_05_09.pdf\" class=\"wp-block-file__button wp-element-button\" download aria-describedby=\"wp-block-file--media-755c6ff1-e2d7-490b-b68e-3b9eaa61f735\">Descarga<\/a><\/div>\n\n\n\n<div class=\"wp-block-file\"><object class=\"wp-block-file__embed\" data=\"https:\/\/ies5tello-juj.infd.edu.ar\/sitio\/wp-content\/uploads\/2024\/05\/CRONOGRAMA-ELECTORAL.pdf\" type=\"application\/pdf\" style=\"width:100%;height:600px\" aria-label=\"Incrustado de CRONOGRAMA-ELECTORAL.\"><\/object><a id=\"wp-block-file--media-4e554622-6273-4cdb-a1f9-4ab9f7d5fd2a\" href=\"https:\/\/ies5tello-juj.infd.edu.ar\/sitio\/wp-content\/uploads\/2024\/05\/CRONOGRAMA-ELECTORAL.pdf\">CRONOGRAMA-ELECTORAL<\/a><a href=\"https:\/\/ies5tello-juj.infd.edu.ar\/sitio\/wp-content\/uploads\/2024\/05\/CRONOGRAMA-ELECTORAL.pdf\" class=\"wp-block-file__button wp-element-button\" download aria-describedby=\"wp-block-file--media-4e554622-6273-4cdb-a1f9-4ab9f7d5fd2a\">Descarga<\/a><\/div>\n\n\n\n<div class=\"wp-block-file\"><object class=\"wp-block-file__embed\" data=\"https:\/\/ies5tello-juj.infd.edu.ar\/sitio\/wp-content\/uploads\/2024\/04\/Eleccion-de-Consejeros.pdf\" type=\"application\/pdf\" style=\"width:100%;height:600px\" aria-label=\"Incrustado de Eleccion-de-Consejeros.\"><\/object><a id=\"wp-block-file--media-1924a1fd-3b2b-48bf-81f4-45203a64055b\" href=\"https:\/\/ies5tello-juj.infd.edu.ar\/sitio\/wp-content\/uploads\/2024\/04\/Eleccion-de-Consejeros.pdf\">Eleccion-de-Consejeros<\/a><a href=\"https:\/\/ies5tello-juj.infd.edu.ar\/sitio\/wp-content\/uploads\/2024\/04\/Eleccion-de-Consejeros.pdf\" class=\"wp-block-file__button wp-element-button\" download aria-describedby=\"wp-block-file--media-1924a1fd-3b2b-48bf-81f4-45203a64055b\">Descarga<\/a><\/div>\n","protected":false},"excerpt":{"rendered":"<p>Resoluci\u00f3n N\u00ba 3-JE\/2024 &#8211; Publicaci\u00f3n de Padrones Electorales Padr\u00f3n Definitivo Oficializaci\u00f3n de listas<\/p>\n","protected":false},"author":113,"featured_media":0,"parent":0,"menu_order":0,"comment_status":"closed","ping_status":"closed","template":"","meta":[],"acf":[],"_links":{"self":[{"href":"https:\/\/ies5tello-juj.infd.edu.ar\/sitio\/wp-json\/wp\/v2\/pages\/9212"}],"collection":[{"href":"https:\/\/ies5tello-juj.infd.edu.ar\/sitio\/wp-json\/wp\/v2\/pages"}],"about":[{"href":"https:\/\/ies5tello-juj.infd.edu.ar\/sitio\/wp-json\/wp\/v2\/types\/page"}],"author":[{"embeddable":true,"href":"https:\/\/ies5tello-juj.infd.edu.ar\/sitio\/wp-json\/wp\/v2\/users\/113"}],"replies":[{"embeddable":true,"href":"https:\/\/ies5tello-juj.infd.edu.ar\/sitio\/wp-json\/wp\/v2\/comments?post=9212"}],"version-history":[{"count":11,"href":"https:\/\/ies5tello-juj.infd.edu.ar\/sitio\/wp-json\/wp\/v2\/pages\/9212\/revisions"}],"predecessor-version":[{"id":9461,"href":"https:\/\/ies5tello-juj.infd.edu.ar\/sitio\/wp-json\/wp\/v2\/pages\/9212\/revisions\/9461"}],"wp:attachment":[{"href":"https:\/\/ies5tello-juj.infd.edu.ar\/sitio\/wp-json\/wp\/v2\/media?parent=9212"}],"curies":[{"name":"wp","href":"https:\/\/api.w.org\/{rel}","templated":true}]}}